72?
23
Calculate the highest common factor of 7930427 and 327259.
4483
Calculate the highest common divisor of 2892 and 46307427.
723
Calculate the highest common factor of 14351 and 9379.
113
What is the highest common factor of 14886179 and 385?
77
Calculate the greatest common divisor of 3970588 and 340.
68
What is the greatest common divisor of 159 and 183805431?
159
Calculate the highest common divisor of 3896 and 2179256.
8
Calculate the greatest common divisor of 43 and 16575812.
43
What is the highest common factor of 8923573 and 118?
59
Calculate the greatest common factor of 740621 and 14632.
31
Calculate the highest common factor of 168 and 3959508.
84
Calculate the greatest common divisor of 81702 and 60129.
459
What is the highest common divisor of 355458 and 13860?
6
Calculate the greatest common factor of 108147173 and 414.
23
Calculate the greatest common factor of 23819870 and 10.
10
What is the highest common divisor of 4888 and 973088?
376
Calculate the greatest common divisor of 648 and 32163759.
9
Calculate the highest common factor of 946858519 and 1741.
1741
What is the highest common divisor of 392 and 23839672?
8
Calculate the highest common factor of 510946394 and 3922.
3922
What is the greatest common factor of 69780 and 388?
4
Calculate the greatest common divisor of 4948 and 24493837.
1237
What is the highest common factor of 2559012 and 2044128?
1284
Calculate the highest common factor of 2070 and 1588656.
138
What is the greatest common factor of 15094542 and 2?
2
What is the greatest common factor of 951171 and 1653?
87
Calculate the greatest common divisor of 236 and 317057150.
118
What is the highest common divisor of 3130 and 42122914?
626
Calculate the highest common divisor of 41626 and 674414.
26
Calculate the greatest common divisor of 4711 and 1419033.
7
Calculate the greatest common divisor of 6169400 and 981.
109
What is the greatest common divisor of 21 and 20620802?
1
Calculate the highest common factor of 8476798 and 76442.
2066
Calculate the greatest common factor of 310 and 77690402.
62
What is the highest common divisor of 3836685 and 20?
5
Calculate the greatest common divisor of 343123 and 528.
11
What is the highest common divisor of 784410074 and 1239?
413
Calculate the highest common divisor of 645707912 and 8.
8
What is the greatest common factor of 6856 and 4099?
1
What is the highest common factor of 76291 and 3628798?
3317
Calculate the greatest common divisor of 770476 and 14112.
196
What is the greatest common divisor of 180273270 and 714?
102
What is the highest common factor of 1542932831 and 1177?
1177
What is the greatest common factor of 22587290 and 880?
110
Calculate the highest common factor of 18 and 5551950.
6
What is the highest common factor of 1269960 and 6726?
114
Calculate the greatest common factor of 296 and 15079868.
148
What is the highest common factor of 159453 and 25662?
21
Calculate the greatest common factor of 14335 and 159800.
235
What is the highest common factor of 1329 and 22509273?
1329
Calculate the highest common divisor of 222348 and 1764504.
84
Calculate the highest common factor of 18 and 37866618.
18
Calculate the greatest common factor of 9655280 and 144.
16
Calculate the highest common divisor of 7312 and 224512.
16
Calculate the highest common divisor of 160 and 83030.
10
Calculate the greatest common divisor of 49601 and 268656.
193
What is the greatest common factor of 11232 and 3166?
2
What is the highest common factor of 12 and 73901908?
4
What is the highest common factor of 3 and 72563?
1
Calculate the highest common factor of 14417886 and 34629.
2037
Calculate the greatest common divisor of 6146 and 1710128.
14
What is the highest common divisor of 33342708 and 168?
84
Calculate the greatest common factor of 52768 and 124548.
388
What is the highest common divisor of 3551519 and 148?
37
Calculate the highest common divisor of 3 and 3740161.
1
Calculate the highest common divisor of 5178 and 161178.
6
Calculate the greatest common divisor of 1812787 and 1209.
31
Calculate the greatest common factor of 225 and 6276885.
15
Calculate the greatest common divisor of 11760 and 1139838.
294
Calculate the highest common factor of 108605 and 357380.
535
Calculate the highest common factor of 70378862 and 438.
146
Calculate the highest common divisor of 1136012943 and 26.
13
Calculate the highest common factor of 3417 and 10721407.
1139
Calculate the greatest common factor of 1068325 and 1280575.
7075
Calculate the highest common divisor of 2400 and 4708050.
150
Calculate the highest common factor of 10 and 568865.
5
What is the highest common divisor of 43921 and 3205444?
263
What is the greatest common factor of 3896700 and 14246?
838
Calculate the highest common divisor of 489503905 and 11165.
1595
What is the greatest common divisor of 12584 and 2667236?
572
Calculate the highest common divisor of 2126974 and 13052.
502
Calculate the greatest common factor of 119 and 198874109.
119
What is the greatest common divisor of 740 and 38880?
20
What is the greatest common divisor of 4703349 and 1071?
21
What is the highest common divisor of 30790542 and 30?
6
Calculate the highest common divisor of 54900 and 5020.
20
Calculate the greatest common divisor of 2682 and 25400030.
298
Calculate the highest common factor of 66 and 5404069.
11
Calculate the greatest common factor of 56472306 and 66.
66
What is the greatest common factor of 22371135 and 60?
15
Calculate the highest common divisor of 10502 and 27495180.
118
Calculate the greatest common divisor of 98232433 and 104.
13
Calculate the highest common divisor of 2563 and 147466.
11
What is the greatest common divisor of 6674 and 345920?
94
Calculate the highest common divisor of 33939072 and 168.
24
Calculate the greatest common factor of 780923 and 731.
43
Calculate the greatest common factor of 43967988 and 2886.
222
What is the greatest common factor of 221192 and 1118?
86
Calculate the highest common factor of 44252 and 1260220.
1924
Calculate the highest common divisor of 12644 and 300092.
116
Calculate the highest common factor of 58576 and 262552276.
14644
Calculate the greatest common factor of 271818 and 1650.
6
What is the greatest common factor of 34452 and 6400746?
198
What is the greatest common divisor of 60 and 5537820?
60
What is the highest common divisor of 191900807 and 196?
49
What is the highest common divisor of 20 and 3986790?
10
Calculate the greatest common divisor of 1710 and 277824840.
570
Calculate the highest common factor of 31192 and 3003448.
56
What is the greatest common factor of 55968 and 154866?
318
Calculate the greatest common factor of 17395827 and 146.
73
Calculate the greatest common divisor of 2487456 and 30024.
216
What is the highest common divisor of 239367 and 8249?
73
What is the highest common factor of 1155045 and 420?
15
What is the greatest common factor of 10549 and 44251?
137
What is the highest common factor of 7921 and 4758563?
89
What is the greatest common factor of 20696961 and 1251?
417
What is the greatest common divisor of 286924 and 29414?
22
What is the highest common factor of 709 and 320835971?
709
Calculate the highest common divisor of 1215 and 495497169.
243
Calculate the highest common divisor of 1115932 and 48124.
908
What is the highest common divisor of 67264836 and 82316?
6332
What is the highest common factor of 55182 and 10928?
2
What is the greatest common factor of 175990668 and 98?
14
Calculate the highest common factor of 8541 and 25527151.
949
What is the greatest common divisor of 20 and 819725?
5
What is the greatest common divisor of 54491646 and 552?
138
Calculate the highest common factor of 2582 and 103162519.
1291
Calculate the greatest common divisor of 1311 and 22865151.
1311
Calculate the highest common factor of 1024 and 723024.
16
What is the highest common factor of 20511716 and 32?
4
Calculate the greatest common divisor of 1127 and 202727.
7
What is the greatest common factor of 92 and 101316?
4
Calculate the highest common factor of 11950 and 2110.
10
Calculate the highest common divisor of 204 and 30495756.
204
Calculate the greatest common factor of 46312 and 122362093.
5789
What is the greatest comm